{"id":25,"date":"2018-11-13T12:07:53","date_gmt":"2018-11-13T12:07:53","guid":{"rendered":"http:\/\/bihlmaier-tcm.de.w01aca8c.kasserver.com\/?page_id=25"},"modified":"2025-08-31T13:20:37","modified_gmt":"2025-08-31T13:20:37","slug":"naturheilkundliche-diagnose","status":"publish","type":"page","link":"https:\/\/bihlmaier-tcm.de\/?page_id=25","title":{"rendered":"Naturheilkundliche Diagnose"},"content":{"rendered":"\n<figure class=\"wp-block-image size-large is-resized\"><img loading=\"lazy\" decoding=\"async\" width=\"1024\" height=\"768\" src=\"https:\/\/bihlmaier-tcm.de\/wp-content\/uploads\/2025\/08\/Diagnose-Akupunkturpuppe-1024x768.jpg\" alt=\"\" class=\"wp-image-578\" style=\"width:304px;height:auto\" srcset=\"https:\/\/bihlmaier-tcm.de\/wp-content\/uploads\/2025\/08\/Diagnose-Akupunkturpuppe-1024x768.jpg 1024w, https:\/\/bihlmaier-tcm.de\/wp-content\/uploads\/2025\/08\/Diagnose-Akupunkturpuppe-300x225.jpg 300w, https:\/\/bihlmaier-tcm.de\/wp-content\/uploads\/2025\/08\/Diagnose-Akupunkturpuppe-768x576.jpg 768w, https:\/\/bihlmaier-tcm.de\/wp-content\/uploads\/2025\/08\/Diagnose-Akupunkturpuppe-1536x1152.jpg 1536w, https:\/\/bihlmaier-tcm.de\/wp-content\/uploads\/2025\/08\/Diagnose-Akupunkturpuppe-2048x1536.jpg 2048w\" sizes=\"(max-width: 1024px) 100vw, 1024px\" \/><\/figure>\n\n\n\n<h1 class=\"wp-block-heading\">Zuh\u00f6ren<\/h1>\n\n\n\n<p>90% aller Krankheitsbilder k\u00f6nnen \u00fcber eine ausf\u00fchrliche Erstbefragung und die k\u00f6rperliche Untersuchung diagnostiziert werden \u2013 ein Lehrsatz aktueller denn je. F\u00fcr die Erstbefragung nehme ich mir mindestens eine Stunde f\u00fcr Sie Zeit, um Ihre k\u00f6rperlichen, seelischen, sozialen, klimatischen und ern\u00e4hrungsrelevanten Anteile zu erfassen.<\/p>\n\n\n\n<h1 class=\"wp-block-heading\">Zungendiagnose<\/h1>\n\n\n\n<p>Bei der chinesischen Zungendiagnose werden die Zungengr\u00f6\u00dfe, der Zungenk\u00f6rper, die Farbe, die einzelnen Areale und der Belag beurteilt, welche je nach Erkrankung charakteristisch ver\u00e4ndert sind.<\/p>\n\n\n\n<h1 class=\"wp-block-heading\">Pulsdiagnose<\/h1>\n\n\n\n<p>In der TCM werden jeweils 3 Pulstaststellen am rechten und linken Handgelenk \u00fcberpr\u00fcft, welche erfahrungsheilkundlich mit inneren Organen in Verbindung stehen.<\/p>\n\n\n\n<figure class=\"wp-block-image\"><img loading=\"lazy\" decoding=\"async\" width=\"230\" height=\"162\" src=\"https:\/\/bihlmaier-tcm.de\/wp-content\/uploads\/2018\/11\/Pulsdia.jpg\" alt=\"\" class=\"wp-image-28\"\/><\/figure>\n","protected":false},"excerpt":{"rendered":"<p>Zuh\u00f6ren 90% aller Krankheitsbilder k\u00f6nnen \u00fcber eine ausf\u00fchrliche Erstbefragung und die k\u00f6rperliche Untersuchung diagnostiziert werden \u2013 ein Lehrsatz aktueller denn je. F\u00fcr die Erstbefragung nehme ich mir mindestens eine Stunde&hellip;<\/p>\n","protected":false},"author":1,"featured_media":0,"parent":0,"menu_order":0,"comment_status":"closed","ping_status":"closed","template":"","meta":{"footnotes":""},"_links":{"self":[{"href":"https:\/\/bihlmaier-tcm.de\/index.php?rest_route=\/wp\/v2\/pages\/25"}],"collection":[{"href":"https:\/\/bihlmaier-tcm.de\/index.php?rest_route=\/wp\/v2\/pages"}],"about":[{"href":"https:\/\/bihlmaier-tcm.de\/index.php?rest_route=\/wp\/v2\/types\/page"}],"author":[{"embeddable":true,"href":"https:\/\/bihlmaier-tcm.de\/index.php?rest_route=\/wp\/v2\/users\/1"}],"replies":[{"embeddable":true,"href":"https:\/\/bihlmaier-tcm.de\/index.php?rest_route=%2Fwp%2Fv2%2Fcomments&post=25"}],"version-history":[{"count":4,"href":"https:\/\/bihlmaier-tcm.de\/index.php?rest_route=\/wp\/v2\/pages\/25\/revisions"}],"predecessor-version":[{"id":590,"href":"https:\/\/bihlmaier-tcm.de\/index.php?rest_route=\/wp\/v2\/pages\/25\/revisions\/590"}],"wp:attachment":[{"href":"https:\/\/bihlmaier-tcm.de\/index.php?rest_route=%2Fwp%2Fv2%2Fmedia&parent=25"}],"curies":[{"name":"wp","href":"https:\/\/api.w.org\/{rel}","templated":true}]}}