{"id":345,"date":"2024-06-27T15:20:33","date_gmt":"2024-06-27T15:20:33","guid":{"rendered":"https:\/\/bihlmaier-tcm.absurd-orange.net\/?page_id=345"},"modified":"2025-08-31T13:53:30","modified_gmt":"2025-08-31T13:53:30","slug":"organisation-service-2","status":"publish","type":"page","link":"https:\/\/bihlmaier-tcm.de\/?page_id=345&lang=en","title":{"rendered":"Organisation &amp; Service"},"content":{"rendered":"\n<h1 class=\"wp-block-heading\">Special practice service: free, non-binding information meeting<\/h1>\n\n\n\n<p>For those who are seriously interested, I offer a free, non-binding preliminary consultation of about 30 minutes. Here you can briefly outline your health concerns and I can take a stand and inform you whether, and if so, how I could help. This will give you an overview of the therapeutic options and the costs. With this information, you can take your time to decide whether this is right for you.<\/p>\n\n\n\n<h1 class=\"wp-block-heading\">Consultation hours and appointments<\/h1>\n\n\n\n<p>I offer flexible consultation hours until late in the evening so that you can find inner peace and enough space in your daily routine for the one-hour appointments.<\/p>\n\n\n\n<p>You can reach the practice via the answering machine. \u2028Please speak your <strong>name and telephone number slowly, loudly and clearly on the tape<\/strong> so that you can be called back as soon as possible.<\/p>\n\n\n\n<p><strong>Please note:<\/strong><br>Appointments \/ answers to questions directly in person or by telephone, <strong>not by e-mail<\/strong>.<\/p>\n\n\n\n<h1 class=\"wp-block-heading\">How to find the practice<\/h1>\n\n\n\n<p>Practice Dr Susanne Bihlmaier<br>Wilhelmstra\u00dfe 105<br>72074 T\u00fcbingen<br>Telephone: (07071) 55 07 59<br>Parking spaces are usually available directly at Wilhelmstra\u00dfe 105.<br>There are two bus stops just a few metres away, which are served by several bus routes.<\/p>\n\n\n\n<p>The practice does not have its own doorbell. Please simply open the front door and take a seat in the waiting area. I will come and collect you from the waiting area as soon as the practice room is available.<\/p>\n\n\n\n<figure class=\"wp-block-image size-large is-resized\"><img loading=\"lazy\" decoding=\"async\" width=\"1024\" height=\"768\" src=\"https:\/\/bihlmaier-tcm.de\/wp-content\/uploads\/2025\/08\/IMG_4992-1-1024x768.jpg\" alt=\"\" class=\"wp-image-588\" style=\"width:300px;height:auto\" srcset=\"https:\/\/bihlmaier-tcm.de\/wp-content\/uploads\/2025\/08\/IMG_4992-1-1024x768.jpg 1024w, https:\/\/bihlmaier-tcm.de\/wp-content\/uploads\/2025\/08\/IMG_4992-1-300x225.jpg 300w, https:\/\/bihlmaier-tcm.de\/wp-content\/uploads\/2025\/08\/IMG_4992-1-768x576.jpg 768w, https:\/\/bihlmaier-tcm.de\/wp-content\/uploads\/2025\/08\/IMG_4992-1-1536x1152.jpg 1536w, https:\/\/bihlmaier-tcm.de\/wp-content\/uploads\/2025\/08\/IMG_4992-1-2048x1536.jpg 2048w\" sizes=\"(max-width: 1024px) 100vw, 1024px\" \/><\/figure>\n\n\n\n<h1 class=\"wp-block-heading\">Remuneration<\/h1>\n\n\n\n<p>You will receive a clear and transparent invoice in accordance with the GO\u00c4 (scale of fees for doctors) immediately after each treatment. You can pay directly and conveniently by EC card. This saves both parties time and money, which benefits your treatment.<\/p>\n\n\n\n<h1 class=\"wp-block-heading\">Quality assurance in this practice<\/h1>\n\n\n\n<p>You can find an overview of my current training programmes <a href=\"https:\/\/bihlmaier-tcm.de\/?page_id=342&amp;lang=en\">here<\/a>.<\/p>\n","protected":false},"excerpt":{"rendered":"<p>Special practice service: free, non-binding information meeting For those who are seriously interested, I offer a free, non-binding preliminary consultation of about 30 minutes. Here you can briefly outline your&hellip;<\/p>\n","protected":false},"author":24782,"featured_media":0,"parent":0,"menu_order":0,"comment_status":"closed","ping_status":"closed","template":"","meta":{"footnotes":""},"_links":{"self":[{"href":"https:\/\/bihlmaier-tcm.de\/index.php?rest_route=\/wp\/v2\/pages\/345"}],"collection":[{"href":"https:\/\/bihlmaier-tcm.de\/index.php?rest_route=\/wp\/v2\/pages"}],"about":[{"href":"https:\/\/bihlmaier-tcm.de\/index.php?rest_route=\/wp\/v2\/types\/page"}],"author":[{"embeddable":true,"href":"https:\/\/bihlmaier-tcm.de\/index.php?rest_route=\/wp\/v2\/users\/24782"}],"replies":[{"embeddable":true,"href":"https:\/\/bihlmaier-tcm.de\/index.php?rest_route=%2Fwp%2Fv2%2Fcomments&post=345"}],"version-history":[{"count":4,"href":"https:\/\/bihlmaier-tcm.de\/index.php?rest_route=\/wp\/v2\/pages\/345\/revisions"}],"predecessor-version":[{"id":589,"href":"https:\/\/bihlmaier-tcm.de\/index.php?rest_route=\/wp\/v2\/pages\/345\/revisions\/589"}],"wp:attachment":[{"href":"https:\/\/bihlmaier-tcm.de\/index.php?rest_route=%2Fwp%2Fv2%2Fmedia&parent=345"}],"curies":[{"name":"wp","href":"https:\/\/api.w.org\/{rel}","templated":true}]}}